 z. Suppose -2*r = 4*i - 90, -4*r + c*i - 2*i = -147. What are the prime factors of r?
3, 13
Suppose 72*k - 836110 = 718154. List the prime factors of k.
21587
Suppose -3*j + 12 = 0, 0 = -11*q + 6*q - 3*j + 12. Suppose q = 5*x - 29*x + 10080. What are the prime factors of x?
2, 3, 5, 7
Suppose 0 = -16*q - 118 - 122. Let k(p) = -20*p + 46. List the prime factors of k(q).
2, 173
Let m(k) be the third derivative of -11*k**4/12 + 41*k**3/6 - 31*k**2. Let x be m(-11). Let d = x + -153. List the prime factors of d.
2, 5, 13
Suppose 0 = -5*c + 4*t + 165, 0 = -3*c + 4*t - 0 + 107. Suppose -1422 + 18300 = c*x. List the prime factors of x.
2, 3, 97
Suppose -12*m = 7*m - 1748. Suppose 24*l - 220 = m. List the prime factors of l.
13
Let w be (-55)/(-22)*16/(-10)*-2. Let x(n) = 3*n + 6. Let t be x(w). What are the prime factors of (5 + 4/(-2))/(2/t)?
3, 5
Let j = 42204 - 35131. List the prime factors of j.
11, 643
Let m(w) = -18*w - 44. Let u(y) = 2*y + 5. Let b(x) = 6*m(x) + 52*u(x). Let a be -2 + 1 + (-9)/(-2 - -3). List the prime factors of b(a).
2, 3
Suppose 270*k - 18784 = 265*k - 3*o, 0 = 2*k - 4*o - 7550. What are the prime factors of k?
3761
Let f = 3819 + -1924. List the prime factors of f.
5, 379
Suppose -409*l + 405*l = 5*u - 43715, -10937 = -l - 4*u. List the prime factors of l.
5, 19, 23
Let o = 17317 - 6483. What are the prime factors of o?
2, 5417
Suppose -2771*t + 2767*t = -2*u + 72936, 0 = -2*u - 3*t + 72908. List the prime factors of u.
2, 5, 1823
Let p(a) = -64*a - 235. Let q be p(-24). Suppose -q + 23674 = 13*f. List the prime factors of f.
1721
Let r(b) = 385*b**2 - 2*b + 2. Let y be (2/6)/(1/3). Let o be r(y). Let j = o + -219. List the prime factors of j.
2, 83
Suppose z = -k, -4*k + k + 3*z = -30. Let o(n) = 15*n - 60. List the prime factors of o(k).
3, 5
Let z(w) = 358*w + 1213. What are the prime factors of z(46)?
17681
Suppose 0 = -2*g + 11 - 17, 4*x = -4*g + 28968. What are the prime factors of x?
3, 5, 7, 23
What are the prime factors of (4 + -1)/((-33)/(-30569)) - 7?
2, 3, 7, 11
Suppose 5*q - 82 = 4*u - 19, -4*q - u = -63. Suppose -q = -5*z, 3*k - 7*z = -10*z + 1638. List the prime factors of k.
3, 181
List the prime factors of 14 - (9/3 + -2799).
2, 5, 281
Let c(n) = n**2 - 26*n - 33. Let l be (-49)/(-294) + 173/6. List the prime factors of c(l).
2, 3
List the prime factors of ((-355)/213)/((-10)/10386).
3, 577
List the prime factors of (1 - 20097)*(73 + -74).
2, 157
Let q(j) = -j**3 + 9*j**2 + 3*j + 2. Let w(t) = 5*t**2 + 3*t - 2. Let y be w(1). Let d be y/12*12*1*1. What are the prime factors of q(d)?
2
Suppose 0 = -2*y + 354 - 346. Suppose 24*f = -y*f + 19796. What are the prime factors of f?
7, 101
Suppose -3*w = -2*i + 23, -7 = -i + 5*w - 8*w. Let s(x) = 5*x + 20. Let f(o) = -14*o - 59. Let n(u) = -6*f(u) - 17*s(u). List the prime factors of n(i).
2
What are the prime factors of 27720/(13 + -3) - 7?
5, 7, 79
Let f be 20/(-6) + 3 + (-19)/(-3). Suppose 16 = 4*z - f*z. What are the prime factors of 118*(-4 + (-36)/z)?
59
Suppose -55 - 109 = -4*u + 2*f, 0 = -3*u - 4*f + 123. Let s = 75 + u. Let h = 218 - s. What are the prime factors of h?
2, 3, 17
Suppose 0 = -4*f - 0*f. Let h be 14 + 7 - (0 - f). List the prime factors of 357/9 - 14/h.
3, 13
Suppose 0 = -22*w + 598918 - 162944. List the prime factors of w.
7, 19, 149
Suppose 4*b - 3*f = 25, 12*f - 8*f = -3*b + 25. Let v(q) = 5*q**2 + 32 - 20 - 19 - b*q. What are the prime factors of v(-6)?
5, 43
Suppose 4*t = -7*p + 84322, -p - 17*t + 15*t + 12046 = 0. What are the prime factors of p?
2, 19, 317
Suppose -3*d - u = 5, 4*d - 3 = u + 2. Suppose 4*n = -3*x + 21, 0*n - n - 3 = d. Suppose -2*a + 9 = -4*j - x, 3*j + 60 = 4*a. List the prime factors of a.
2, 3
Suppose -14*p + 16*p - 44 = 0. Suppose p*y - 40397 + 11357 = 0. What are the prime factors of y?
2, 3, 5, 11
Let n(j) be the first derivative of -j**4/4 + 19*j**3/3 - 18*j**2 + 15*j - 40. Let q be n(16). Let r = q - 8. What are the prime factors of r?
199
Suppose -5*j + 91 = 31. Let n be 70/6 + -3 - j/18. Suppose -n*h + 580 = -580. List the prime factors of h.
5, 29
Suppose 39394 = 2*z + 5*s, z - 19*s - 19698 = -21*s. What are the prime factors of z?
2, 9851
Let l(o) = -o**2 - 7*o - 7. Let c be l(-5). Suppose 0 = 3*g + c - 15, 12 = 4*b + 3*g. Suppose 2*j + 7 - 149 = b. What are the prime factors of j?
71
Let n(c) = c - 4. Let x be n(5). Let p be (5 + 3 + x)*1/3. Suppose 3*h = 5*m + 398, 2*h - 99 = -p*m + 198. List the prime factors of h.
3, 47
Let b = -162 - -801. Suppose -5*y + c = 5 - 19, 5*y + c = 16. Suppose 4*u + 840 = 4*g + 6*u, b = y*g - 3*u. List the prime factors of g.
211
Suppose -w = 4*u - 65077, -2*u + 23676 = w - 41385. List the prime factors of w.
5, 13009
Suppose 3*k + 31308 = 4*q, q + 3*k - 11366 + 3524 = 0. What are the prime factors of q?
2, 3, 5, 29
Suppose 4*c = d + 2*c - 10, -4*d + 4 = 4*c. Suppose -5 + 17 = d*f. Suppose f*s - q - 53 = 2*s, -5*s + q + 285 = 0. What are the prime factors of s?
2, 29
Suppose -21376 = 7*k - 1657. Let o = -557 - k. List the prime factors of (-1)/4 - (-1 + o/(-16)).
2, 71
What are the prime factors of -7331*(4 - (-11)/((-22)/10))?
7331
Suppose -3*o - 2*t = -262, 0 = -4*o + 3*t + t + 356. List the prime factors of 136/((4/(-5))/(o/(-20))).
2, 11, 17
Suppose -29*m + 52*m - 97405 = 0. What are the prime factors of m?
5, 7, 11
What are the prime factors of 22575 - (45/35 - 10/35)?
2, 11287
Let l be 5 + 354/6 + -4*1. Let a = 62 + l. List the prime factors of a.
2, 61
Let d(s) = 29*s**2 + 70*s + 1560. List the prime factors of d(-26).
2, 3, 13, 31
Let j(r) = 221*r**3 + 3 + 7*r**2 - 3*r**2 - r - 3*r**2. Let k be j(2). Suppose 9*c - k = -0*c. List the prime factors of c.
197
Let n(u) = -15*u - 30. Let b be 10*2*3/(-6). What are the prime factors of n(b)?
2, 3, 5
Let z = 16014 + -4070. What are the prime factors of z?
2, 1493
Let m(s) be the third derivative of 0*s + 11/60*s**5 + 0 - 7/6*s**3 - 1/6*s**4 - 9*s**2 + 1/120*s**6. List the prime factors of m(-10).
7, 19
Let h be -2 + ((-6)/21 - 153/(-21)). Suppose 3*s + 1 = -4*l + 11, -h*l + 9 = 2*s. List the prime factors of l*149 + (-60)/(-15).
3, 17
Let j(k) = -180*k + 3424. List the prime factors of j(-9).
2, 13, 97
Let d(q) = 4*q**2 - 44*q + 7. Let b(s) = s**2 + 11*s + 43. Let z be b(-6). What are the prime factors of d(z)?
3, 37
Let v be (3 + 1)*(-3)/(-6). Suppose n + 4 = 2*f, v*n + 1 + 5 = 3*f. Suppose 0 = 15*u - 10*u, -3*j - 5*u + 867 = n. List the prime factors of j.
17
What are the prime factors of (-47045763)/(-821) - (-2 + 2)/(1*-2)?
3, 6367
Suppose 17*y + 3848544 = 19*y + 81*y. What are the prime factors of y?
2, 3, 7, 23
Suppose 222 = 6*v - 9*v. Let u = 96 + v. What are the prime factors of u?
2, 11
Suppose 3*u - 1260 = -5*q - 0*u, 3*q - 4*u - 727 = 0. Suppose 4*n = 3*y + 334 + q, 2*n - 289 = y. List the prime factors of n.
2, 71
Let l(k) = -k**3 + 8*k**2 - 10*k + 9. Let p be 18/(-15)*45/(-6). Let c be l(p). Let r = -23 - c. List the prime factors of r.
139
Suppose -16516 - 2742 = -3*b + 23846. List the prime factors of b.
2, 449
Let v(l) = -15*l**2 - 2*l**3 + 3*l + 7*l**2 + 3*l**2 + 3*l**2 + 2. Let w be v(-2). What are the prime factors of (w - 6)*(586/(-4) - 0)?
293
Let u(k) = -91*k**3 - 2*k**2 + 9*k + 4. What are the prime factors of u(-5)?
2, 7, 13, 31
Let g = -11403 + 17355. What are the prime factors of 1 + (-6)/(-4)*g/36?
3, 83
Suppose -38*l = 25*l. Let g be -12*(0 - (-2 + 4)). Suppose 0 = -5*c, l = q + 3*q + 5*c - g. List the prime factors of q.
2, 3
Let g = 11 + -8. Suppose 3*l - 3131 + 433 = -2*w, -g*l + 2692 = -w. What are the prime factors of l?
2, 449
Let m = 167 + -163. Suppose 5666 = m*v - 2*k, -4*k + 2848 = v + v. What are the prime factors of v?
2, 709
Let k = 78125 - 34230. List the prime factors of k.
5, 8779
Let u(m) be the second derivative of 53*m**4/12 - m**3/6 - 7*m**2/2 + 94*m + 2. What are the prime factors of u(5)?
13, 101
Suppose 5*k = -4*i - 16, 2*k - 2*i + 22 = -3*k. Let w be k*(30/(-50) - 2/5). Suppose -1016 = -w*l - 7*z + 11*z, 0 = -2*z - 6. List the prime factors of l.
251
Let q = -108 + 601. Let s = -214 + q. What are the prime factors of s?
3, 31
Let n = 192 + -189. Suppose -2*o = n*y - 0*y - 1191, -4*y + 2*o = -1574. List the prime factors of y.
5, 79
Suppose 5*p - 25769 = 4*h, 2*p - 7